when 417 is divided by k(-11)?
36
Let s(w) = -2*w**2 - 18*w + 132. Calculate the remainder when 685 is divided by s(-13).
13
Suppose -4*i + 0*f - 4*f + 552 = 0, 744 = 5*i - f. Calculate the remainder when 921 is divided by i.
39
Let c be (2*16)/((-9)/(-18)). Suppose x = -17 + c. Calculate the remainder when x is divided by 18.
11
Suppose 0 = 41*s - 25*s - 4160. Suppose 3*c + 91 = 4*n + 2*c, -c = -3*n + 69. What is the remainder when s is divided by n?
18
Let b(q) = -q**2 - 873*q + 23419. Suppose s + 55 = 2*s. What is the remainder when s is divided by b(26)?
10
Let d(i) = -28*i - 44. Let a be d(21). Let s = a - -781. Calculate the remainder when s is divided by 44.
17
Let w(v) = -298*v - 1106. Calculate the remainder when 1542 is divided by w(-4).
80
Let f(x) = -x**3 + 79*x**2 + 92*x - 865. Let y(v) = -v**3 - 12*v**2 - 2*v + 17. What is the remainder when f(80) is divided by y(-12)?
13
Suppose -28 = k + 4*q - 39, q + 49 = 2*k. Calculate the remainder when 294 is divided by k.
18
Suppose 0 = -40*c + 244 + 196. Suppose -t + 1 + 3 = 0. Suppose 3*i = 5*b - 212, 144 = t*b - 3*i + 7*i. What is the remainder when b is divided by c?
7
Let a = 13424 - 13378. Calculate the remainder when a is divided by 26.
20
Suppose 2*a - 8*a = -354. Let i = 225 - a. Let c = 81 + -39. Calculate the remainder when i is divided by c.
40
Let i be 57 - (-9)/((-12)/(-4)). Suppose 0 = 5*q + q - i. What is the remainder when 119 is divided by 7 + -7 - q*-3?
29
Suppose 4*z + 2042 - 2082 = 0. Calculate the remainder when 10447 is divided by z.
7
Suppose 690*d - 688*d - 1668 = -2*m, -5*d - 2*m + 4179 = 0. Calculate the remainder when 1679 is divided by d.
5
Let s(o) = 7*o**2 - 52*o + 105. Calculate the remainder when 823 is divided by s(9).
7
Suppose 40 = 3*x - 3*l - 320, 0 = -4*x + 3*l + 488. What is the remainder when x is divided by 48?
32
Let c(q) = q**3 + 6*q**2 - 21*q - 22. Let f = -29 - -29. Suppose f = -r - 2*r - 9, 5*o - 58 = -4*r. What is the remainder when c(-8) is divided by o?
4
Suppose o = u - 6654, -36*o = 2*u - 40*o - 13308. What is the remainder when u is divided by 13?
11
Suppose -104*j - 514 = -1347 - 2287. Suppose 5*z - 572 = -p, 3*z - 4*p + 52 = 409. Calculate the remainder when z is divided by j.
25
Suppose t - o + 6 = 0, 13*t + 20 = 9*t + 3*o. What is the remainder when 63 is divided by 161/21 + t/(-6)?
7
Let h = 4078 + -4043. What is the remainder when h is divided by 27?
8
Let k(i) = 9*i**3 + i - 11. Let g be k(2). Suppose 331*d - g = 328*d. Calculate the remainder when 56 is divided by d.
14
Let d(v) = -v**3 + 5*v**2 - 7*v + 8. Let o = 202 + -199. What is the remainder when 97 is divided by d(o)?
2
Let h be (3/((-9)/(-40)))/((-42)/(-126)). Suppose 14*x - h = 30. Calculate the remainder when 86 is divided by x.
1
Suppose 5*h = 10*j - 7*j + 1195, -2*h + 2*j = -482. What is the remainder when h is divided by 65?
41
Suppose 63 = -3*y - 3*g - 189, 0 = g - 5. Let x = 119 + y. What is the remainder when 477 is divided by x?
27
Let b(y) = -2*y**3 - 14*y**2 - 40*y - 23. Calculate the remainder when 6636 is divided by b(-2).
6
Let k = -6600 + 6688. Calculate the remainder when 249 is divided by k.
73
Let l(t) = -t**2 + 130*t - 1795. Calculate the remainder when 1546 is divided by l(114).
9
Let r(g) = 2*g - 45. Let p be r(24). Suppose 4*n + c + 3*c - 192 = 0, -9 = -p*c. Calculate the remainder when 132 is divided by n.
42
Suppose 20*y - 5*y + 8*y = 529. What is the remainder when 1100 is divided by y?
19
Let m(x) be the second derivative of 0*x**3 + 2*x**3 + 4*x**2 - 18*x - 6*x - 11*x**2. Calculate the remainder when m(3) is divided by 10.
2
Let p = -91 - -102. Let t(d) = d**3 - 10*d**2 - 11*d + 12. Calculate the remainder when t(p) is divided by 6.
0
Let s = -129 + 132. Suppose -289 = -5*m + 2*p - 86, -s*m = -5*p - 137. What is the remainder when 309 is divided by m?
36
Let h(z) = -2*z**3 + 80*z**2 + 187*z - 163. Calculate the remainder when h(42) is divided by 58.
55
Suppose -419*w = -448*w + 1247. Calculate the remainder when 330 is divided by w.
29
Let w = 394 - 403. Suppose 3*c = 82 + 161. What is the remainder when c is divided by (w/5)/(12/(-140))?
18
Let m(c) = c**3 - 121*c**2 - 17*c + 2073. Calculate the remainder when 2174 is divided by m(121).
14
Let q(o) = -1747*o - 2903. What is the remainder when q(-2) is divided by 150?
141
Suppose 17*d = 14*d - p + 36, 0 = -5*d - 2*p + 59. Calculate the remainder when 1051 is divided by d.
11
What is the remainder when (-24 - -25)/((-2)/(-3790)) is divided by 6?
5
Suppose -18 = 3*z - 4*v, -4*z - 5*v = -9*z - 30. What is the remainder when 99 is divided by 1134/36*2*(-2)/z?
15
Suppose -2*n = -l - l + 62, 3*l - 2*n = 90. Calculate the remainder when 643 is divided by l.
27
Let o(t) = 144*t**2 - 11*t + 22. What is the remainder when o(-5) is divided by 80?
77
Let b = -184 + 184. What is the remainder when 114 is divided by b + (-952)/(-35) - (-1)/(-5)?
6
Suppose 3*z = -5*y + 137, -4*y = 10 + 10. Suppose 17*r = z*r - 2183. Calculate the remainder when r is divided by 32.
27
Suppose -5*s - 5*t = -150, -3*t - 96 - 6 = -3*s. Suppose -9*d + 3*d + 1104 = 0. Let v = d + -61. Calculate the remainder when v is divided by s.
27
Suppose -2*f - 5*d + 19 = 0, -6*d = -f - 3*d + 4. Suppose -5*u + 1471 = x, 6*u - f*u + 296 = 2*x. Calculate the remainder when u is divided by 37.
35
Let s = -4817 + 4943. Calculate the remainder when 239 is divided by s.
113
Let v(n) = -n + 17. Let t be v(-14). Let m = t + 24. Calculate the remainder when m is divided by 1/2*(-6 + (62 - -2)).
26
Let d(v) = v**3 + 12*v**2 + 7*v + 16. Let j(b) = b**3 - 31*b**2 + 32*b - 71. Let t be j(30). What is the remainder when d(t) is divided by 21?
18
Suppose 5*u - i = i + 78, 12 = -3*i. Calculate the remainder when 39 is divided by (-1)/u + (-7665)/(-294).
13
Suppose 11*r - 282 = -260. Let n(g) = -5*g + 35. Calculate the remainder when 51 is divided by n(r).
1
Suppose 24 = 3*r + 3*a, -175*a = -180*a - 5. What is the remainder when 327 is divided by r?
3
Let f(a) = 3*a**2 - 3*a + 19. Let c be f(4). What is the remainder when 86 is divided by (-44)/c*10*18/(-8)?
14
Let a = 16276 - 15549. Calculate the remainder when a is divided by 100.
27
Suppose 5*z - 292 = 5*p - 52, 0 = -z - p + 56. Suppose z = -3*f + 7*f. Suppose 139*j - 138 = 133*j. Calculate the remainder when j is divided by f.
10
Let w(j) = j**2 - 21*j + 124. Suppose 3*u + 212 = 248. What is the remainder when 222 is divided by w(u)?
14
Let k = -95 + 382. Let o = -12406 - -12415. What is the remainder when k is divided by o?
8
Let c(a) = -80*a**3 - 18*a**2 - 21*a - 4. What is the remainder when 4502 is divided by c(-1)?
78
Let o = -38217 + 38747. Calculate the remainder when o is divided by 60.
50
Let o be (-6)/(-21) + (-1704)/84. Let t = o - -18. Calculate the remainder when 62 is divided by (t - 2)*1 - -20.
14
Suppose -20*d - 456 = -21*d. Suppose -3*h - 5*g + 0*g + d = 0, -g + 304 = 2*h. Calculate the remainder when h is divided by 39.
35
Suppose 20 = c - 6*c, -2*c = 5*b - 17. Suppose -b*t + 3*t = -114. What is the remainder when t is divided by 15?
12
Let b be 2 + (-12)/4 + -28. Let s = -16 - b. Let u = -15 + 38. Calculate the remainder when u is divided by s.
10
Suppose 32*y + 8 = 33*y. Suppose 9*z = 5*z + y. Suppose z*k + 16 = 3*k. What is the remainder when 77 is divided by k?
13
What is the remainder when ((-27154)/90 - (-29)/261)/(7/(-70)) is divided by 1004?
4
Let d(n) = -n**3 + 9*n**2 - 18*n - 4. Let x be d(5). Let v = x + 0. Suppose 2*s = 0, -s = -0*y + 2*y - 12. Calculate the remainder when v is divided by y.
0
Let u = -2231 + 2292. Calculate the remainder when 67 is divided by u.
6
Suppose 0 = -12*y + 50 + 58. Let n(i) = -4*i + 6. Let j be n(4). Let b(w) = w**3 + 11*w**2 + 9*w - 4. What is the remainder when y is divided by b(j)?
3
Suppose 5*j - 251 = -u - 59, 3*j + 9*u - 132 = 0. Suppose 376 = -0*a + 2*a. What is the remainder when a is divided by j?
36
Suppose 0 = 3*t - 4*c - 68, -17*t + 9*t = c - 228. What is the remainder when 122 is divided by t?
10
Let m(w) be the second derivative of w**4/4 + 7*w**3/2 - 32*w**2 + 163*w. Calculate the remainder when 1*(1 - 20*-5) is divided by m(-10).
23
Suppose -5*p + 58 = 33. Suppose -p*g - 6 = -21. Calculate the remainder when 116 is divided by ((2